{"id":467,"date":"2025-06-24T16:59:31","date_gmt":"2025-06-24T14:59:31","guid":{"rendered":"https:\/\/macieo.insa-rennes.fr\/?page_id=467"},"modified":"2025-06-30T15:39:19","modified_gmt":"2025-06-30T13:39:19","slug":"ietr","status":"publish","type":"page","link":"https:\/\/macieo.insa-rennes.fr\/en\/l-equipe\/ietr\/","title":{"rendered":"IETR"},"content":{"rendered":"<div class=\"wp-block-group alignwide is-vertical is-content-justification-stretch is-layout-flex wp-container-core-group-is-layout-401b7a8a wp-block-group-is-layout-flex\">\n<div class=\"wp-block-columns is-layout-flex wp-container-core-columns-is-layout-28f84493 wp-block-columns-is-layout-flex\">\n<div class=\"wp-block-column is-layout-flow wp-block-column-is-layout-flow\" style=\"flex-basis:10%\"><\/div>\n\n\n\n<div class=\"wp-block-column is-layout-flow wp-block-column-is-layout-flow\" style=\"flex-basis:80%\">\n<figure class=\"wp-block-image alignleft size-full is-resized hvr-grow\"><a href=\"https:\/\/www.ietr.fr\/en\" target=\"_blank\" rel=\" noreferrer noopener\"><img loading=\"lazy\" decoding=\"async\" width=\"2000\" height=\"800\" src=\"https:\/\/macieo.insa-rennes.fr\/wp-content\/uploads\/2025\/06\/IETR-whitout-bg.webp\" alt=\"\" class=\"wp-image-559\" style=\"width:268px;height:auto\" srcset=\"https:\/\/macieo.insa-rennes.fr\/wp-content\/uploads\/2025\/06\/IETR-whitout-bg.webp 2000w, https:\/\/macieo.insa-rennes.fr\/wp-content\/uploads\/2025\/06\/IETR-whitout-bg-300x120.webp 300w, https:\/\/macieo.insa-rennes.fr\/wp-content\/uploads\/2025\/06\/IETR-whitout-bg-1024x410.webp 1024w, https:\/\/macieo.insa-rennes.fr\/wp-content\/uploads\/2025\/06\/IETR-whitout-bg-768x307.webp 768w, https:\/\/macieo.insa-rennes.fr\/wp-content\/uploads\/2025\/06\/IETR-whitout-bg-1536x614.webp 1536w, https:\/\/macieo.insa-rennes.fr\/wp-content\/uploads\/2025\/06\/IETR-whitout-bg-18x7.webp 18w, https:\/\/macieo.insa-rennes.fr\/wp-content\/uploads\/2025\/06\/IETR-whitout-bg-200x80.webp 200w\" sizes=\"auto, (max-width: 2000px) 100vw, 2000px\" \/><\/a><\/figure>\n\n\n\n<div style=\"height:10px\" aria-hidden=\"true\" class=\"wp-block-spacer\"><\/div>\n\n\n\n<p><a href=\"https:\/\/www.ietr.fr\/en\">L&rsquo;Institut d&rsquo;\u00c9lectronique et des Technologies du num\u00e9Riques (IETR &#8211; UMR CNRS 6164)<\/a> has extensive expertise in the design of microwave antennas, circuits and systems, digital communications, radar and remote sensing, signal and image processing, and more. The SURF team has access to the most advanced measurement facilities in Europe for characterizing antennas, circuits and radars. The activities of the SURFWAVE team, involved in the MACIEO project, focus mainly on periodic and quasi-periodic structures (reflector or transmitter arrays, FSS, WAIM, etc.) and to a lesser extent on microwave filters. Within the MACIEO project, IETR will play the role of coordinator for all activities, and will work mainly on the microwave characterization of the materials developed, and on the design and characterization of the multiple reconfiguration filters and antennas that will serve as the final demonstrators for all the project's work.<\/p>\n\n\n\n<div style=\"height:10px\" aria-hidden=\"true\" class=\"wp-block-spacer\"><\/div>\n\n\n\n<h2 class=\"wp-block-heading\">Participants :<\/h2>\n\n\n\n<div style=\"height:10px\" aria-hidden=\"true\" class=\"wp-block-spacer\"><\/div>\n\n\n\n<div class=\"wp-block-columns is-layout-flex wp-container-core-columns-is-layout-28f84493 wp-block-columns-is-layout-flex\">\n<div class=\"wp-block-column is-layout-flow wp-block-column-is-layout-flow\" style=\"flex-basis:5%\">\n<div style=\"height:5%\" aria-hidden=\"true\" class=\"wp-block-spacer\"><\/div>\n<\/div>\n\n\n\n<div class=\"wp-block-column is-layout-flow wp-block-column-is-layout-flow\" style=\"flex-basis:15%\">\n<figure class=\"wp-block-image size-full is-resized hvr-grow\"><a href=\"https:\/\/www.ietr.fr\/en\/erwan-fourn\" target=\"_blank\" rel=\" noreferrer noopener\"><img loading=\"lazy\" decoding=\"async\" width=\"369\" height=\"369\" src=\"https:\/\/macieo.insa-rennes.fr\/wp-content\/uploads\/2025\/06\/Erwan-Fourn.jpg\" alt=\"\" class=\"wp-image-481\" style=\"width:132px;height:auto\" srcset=\"https:\/\/macieo.insa-rennes.fr\/wp-content\/uploads\/2025\/06\/Erwan-Fourn.jpg 369w, https:\/\/macieo.insa-rennes.fr\/wp-content\/uploads\/2025\/06\/Erwan-Fourn-300x300.jpg 300w, https:\/\/macieo.insa-rennes.fr\/wp-content\/uploads\/2025\/06\/Erwan-Fourn-150x150.jpg 150w, https:\/\/macieo.insa-rennes.fr\/wp-content\/uploads\/2025\/06\/Erwan-Fourn-12x12.jpg 12w, https:\/\/macieo.insa-rennes.fr\/wp-content\/uploads\/2025\/06\/Erwan-Fourn-200x200.jpg 200w\" sizes=\"auto, (max-width: 369px) 100vw, 369px\" \/><\/a><\/figure>\n<\/div>\n\n\n\n<div class=\"wp-block-column is-layout-flow wp-block-column-is-layout-flow\" style=\"flex-basis:60%\">\n<p class=\"has-text-align-left\"><a href=\"https:\/\/www.ietr.fr\/en\/erwan-fourn\" data-type=\"link\" data-id=\"https:\/\/www.ietr.fr\/erwan-fourn\" target=\"_blank\" rel=\"noreferrer noopener\">Erwan Fourn<\/a>, associate professor specializing in the study, design and characterization of multi-band filters and antennas, is the project coordinator. He is in charge of supervising the design and characterization of the microwave demonstrators.<\/p>\n<\/div>\n<\/div>\n\n\n\n<div style=\"height:10px\" aria-hidden=\"true\" class=\"wp-block-spacer\"><\/div>\n\n\n\n<div class=\"wp-block-columns is-layout-flex wp-container-core-columns-is-layout-28f84493 wp-block-columns-is-layout-flex\">\n<div class=\"wp-block-column is-layout-flow wp-block-column-is-layout-flow\" style=\"flex-basis:5%\">\n<div style=\"height:5%\" aria-hidden=\"true\" class=\"wp-block-spacer\"><\/div>\n<\/div>\n\n\n\n<div class=\"wp-block-column is-layout-flow wp-block-column-is-layout-flow\" style=\"flex-basis:15%\">\n<figure class=\"wp-block-image size-full is-resized hvr-grow\"><a href=\"https:\/\/www.ietr.fr\/en\/raphael-gillard\" target=\"_blank\" rel=\" noreferrer noopener\"><img loading=\"lazy\" decoding=\"async\" width=\"2048\" height=\"2048\" src=\"https:\/\/macieo.insa-rennes.fr\/wp-content\/uploads\/2025\/06\/Profile-PNG-Photo.png\" alt=\"\" class=\"wp-image-499\" style=\"width:132px;height:auto\" srcset=\"https:\/\/macieo.insa-rennes.fr\/wp-content\/uploads\/2025\/06\/Profile-PNG-Photo.png 2048w, https:\/\/macieo.insa-rennes.fr\/wp-content\/uploads\/2025\/06\/Profile-PNG-Photo-300x300.png 300w, https:\/\/macieo.insa-rennes.fr\/wp-content\/uploads\/2025\/06\/Profile-PNG-Photo-1024x1024.png 1024w, https:\/\/macieo.insa-rennes.fr\/wp-content\/uploads\/2025\/06\/Profile-PNG-Photo-150x150.png 150w, https:\/\/macieo.insa-rennes.fr\/wp-content\/uploads\/2025\/06\/Profile-PNG-Photo-768x768.png 768w, https:\/\/macieo.insa-rennes.fr\/wp-content\/uploads\/2025\/06\/Profile-PNG-Photo-1536x1536.png 1536w, https:\/\/macieo.insa-rennes.fr\/wp-content\/uploads\/2025\/06\/Profile-PNG-Photo-12x12.png 12w, https:\/\/macieo.insa-rennes.fr\/wp-content\/uploads\/2025\/06\/Profile-PNG-Photo-200x200.png 200w\" sizes=\"auto, (max-width: 2048px) 100vw, 2048px\" \/><\/a><\/figure>\n<\/div>\n\n\n\n<div class=\"wp-block-column is-layout-flow wp-block-column-is-layout-flow\" style=\"flex-basis:60%\">\n<p class=\"has-text-align-left\"><a href=\"https:\/\/www.ietr.fr\/en\/raphael-gillard\" target=\"_blank\" rel=\"noreferrer noopener\">Rapha\u00ebl Gillard<\/a>, professor in charge of the design and characterization of intelligent reconfigurable surfaces. <\/p>\n<\/div>\n<\/div>\n\n\n\n<div style=\"height:10px\" aria-hidden=\"true\" class=\"wp-block-spacer\"><\/div>\n\n\n\n<div class=\"wp-block-columns is-layout-flex wp-container-core-columns-is-layout-28f84493 wp-block-columns-is-layout-flex\">\n<div class=\"wp-block-column is-layout-flow wp-block-column-is-layout-flow\" style=\"flex-basis:5%\">\n<div style=\"height:5%\" aria-hidden=\"true\" class=\"wp-block-spacer\"><\/div>\n<\/div>\n\n\n\n<div class=\"wp-block-column is-layout-flow wp-block-column-is-layout-flow\" style=\"flex-basis:15%\">\n<figure class=\"wp-block-image size-full is-resized hvr-grow\"><a href=\"https:\/\/www.ietr.fr\/en\/jerome-sol\" target=\"_blank\" rel=\" noreferrer noopener\"><img loading=\"lazy\" decoding=\"async\" width=\"2048\" height=\"2048\" src=\"https:\/\/macieo.insa-rennes.fr\/wp-content\/uploads\/2025\/06\/Profile-PNG-Photo.png\" alt=\"\" class=\"wp-image-499\" style=\"width:132px;height:auto\" srcset=\"https:\/\/macieo.insa-rennes.fr\/wp-content\/uploads\/2025\/06\/Profile-PNG-Photo.png 2048w, https:\/\/macieo.insa-rennes.fr\/wp-content\/uploads\/2025\/06\/Profile-PNG-Photo-300x300.png 300w, https:\/\/macieo.insa-rennes.fr\/wp-content\/uploads\/2025\/06\/Profile-PNG-Photo-1024x1024.png 1024w, https:\/\/macieo.insa-rennes.fr\/wp-content\/uploads\/2025\/06\/Profile-PNG-Photo-150x150.png 150w, https:\/\/macieo.insa-rennes.fr\/wp-content\/uploads\/2025\/06\/Profile-PNG-Photo-768x768.png 768w, https:\/\/macieo.insa-rennes.fr\/wp-content\/uploads\/2025\/06\/Profile-PNG-Photo-1536x1536.png 1536w, https:\/\/macieo.insa-rennes.fr\/wp-content\/uploads\/2025\/06\/Profile-PNG-Photo-12x12.png 12w, https:\/\/macieo.insa-rennes.fr\/wp-content\/uploads\/2025\/06\/Profile-PNG-Photo-200x200.png 200w\" sizes=\"auto, (max-width: 2048px) 100vw, 2048px\" \/><\/a><\/figure>\n<\/div>\n\n\n\n<div class=\"wp-block-column is-layout-flow wp-block-column-is-layout-flow\" style=\"flex-basis:60%\">\n<p class=\"has-text-align-left\"><a href=\"https:\/\/www.ietr.fr\/en\/jerome-sol\" data-type=\"link\" data-id=\"https:\/\/www.ietr.fr\/jerome-sol\" target=\"_blank\" rel=\"noreferrer noopener\">J\u00e9r\u00f4me Sol<\/a>, engineer in charge of the QOSC (Quantification Oriented Complex Systems) platform, he will characterize microwaves for parts WP2 to WP4 of the project.<\/p>\n<\/div>\n<\/div>\n\n\n\n<div style=\"height:10px\" aria-hidden=\"true\" class=\"wp-block-spacer\"><\/div>\n\n\n\n<div class=\"wp-block-columns is-layout-flex wp-container-core-columns-is-layout-28f84493 wp-block-columns-is-layout-flex\">\n<div class=\"wp-block-column is-layout-flow wp-block-column-is-layout-flow\" style=\"flex-basis:5%\">\n<div style=\"height:5%\" aria-hidden=\"true\" class=\"wp-block-spacer\"><\/div>\n<\/div>\n\n\n\n<div class=\"wp-block-column is-layout-flow wp-block-column-is-layout-flow\" style=\"flex-basis:15%\">\n<figure class=\"wp-block-image size-full is-resized hvr-grow\"><a href=\"https:\/\/www.ietr.fr\/en\/gilles-picoult\" target=\"_blank\" rel=\" noreferrer noopener\"><img loading=\"lazy\" decoding=\"async\" width=\"2048\" height=\"2048\" src=\"https:\/\/macieo.insa-rennes.fr\/wp-content\/uploads\/2025\/06\/Profile-PNG-Photo.png\" alt=\"\" class=\"wp-image-499\" style=\"width:132px;height:auto\" srcset=\"https:\/\/macieo.insa-rennes.fr\/wp-content\/uploads\/2025\/06\/Profile-PNG-Photo.png 2048w, https:\/\/macieo.insa-rennes.fr\/wp-content\/uploads\/2025\/06\/Profile-PNG-Photo-300x300.png 300w, https:\/\/macieo.insa-rennes.fr\/wp-content\/uploads\/2025\/06\/Profile-PNG-Photo-1024x1024.png 1024w, https:\/\/macieo.insa-rennes.fr\/wp-content\/uploads\/2025\/06\/Profile-PNG-Photo-150x150.png 150w, https:\/\/macieo.insa-rennes.fr\/wp-content\/uploads\/2025\/06\/Profile-PNG-Photo-768x768.png 768w, https:\/\/macieo.insa-rennes.fr\/wp-content\/uploads\/2025\/06\/Profile-PNG-Photo-1536x1536.png 1536w, https:\/\/macieo.insa-rennes.fr\/wp-content\/uploads\/2025\/06\/Profile-PNG-Photo-12x12.png 12w, https:\/\/macieo.insa-rennes.fr\/wp-content\/uploads\/2025\/06\/Profile-PNG-Photo-200x200.png 200w\" sizes=\"auto, (max-width: 2048px) 100vw, 2048px\" \/><\/a><\/figure>\n<\/div>\n\n\n\n<div class=\"wp-block-column is-layout-flow wp-block-column-is-layout-flow\" style=\"flex-basis:60%\">\n<p class=\"has-text-align-left\"><a href=\"https:\/\/www.ietr.fr\/en\/gilles-picoult\" data-type=\"link\" data-id=\"https:\/\/www.ietr.fr\/gilles-picoult\" target=\"_blank\" rel=\"noreferrer noopener\">Gilles Picoult<\/a>, assistant engineer will manufacture the printed circuit boards for the project and carry out the microwave characterization for parts WP2 and WP4 of the project.<\/p>\n<\/div>\n<\/div>\n<\/div>\n\n\n\n<div class=\"wp-block-column is-layout-flow wp-block-column-is-layout-flow\" style=\"flex-basis:10%\"><\/div>\n<\/div>\n<\/div>","protected":false},"excerpt":{"rendered":"<p>L&rsquo;Institut d&rsquo;\u00c9lectronique et des Technologies du num\u00e9Riques (IETR &#8211; UMR CNRS 6164) a une tr\u00e8s forte expertise dans la conception d&rsquo;antennes, de circuits et de syst\u00e8mes micro-ondes, dans les communications num\u00e9riques, les radars et la t\u00e9l\u00e9d\u00e9tection, le traitement des signaux et des images, etc. Il b\u00e9n\u00e9ficie de moyens de mesures au plus haut niveau europ\u00e9en [&hellip;]<\/p>\n","protected":false},"author":1,"featured_media":0,"parent":2,"menu_order":0,"comment_status":"closed","ping_status":"closed","template":"","meta":{"footnotes":""},"class_list":["post-467","page","type-page","status-publish","hentry"],"_links":{"self":[{"href":"https:\/\/macieo.insa-rennes.fr\/en\/wp-json\/wp\/v2\/pages\/467","targetHints":{"allow":["GET"]}}],"collection":[{"href":"https:\/\/macieo.insa-rennes.fr\/en\/wp-json\/wp\/v2\/pages"}],"about":[{"href":"https:\/\/macieo.insa-rennes.fr\/en\/wp-json\/wp\/v2\/types\/page"}],"author":[{"embeddable":true,"href":"https:\/\/macieo.insa-rennes.fr\/en\/wp-json\/wp\/v2\/users\/1"}],"replies":[{"embeddable":true,"href":"https:\/\/macieo.insa-rennes.fr\/en\/wp-json\/wp\/v2\/comments?post=467"}],"version-history":[{"count":19,"href":"https:\/\/macieo.insa-rennes.fr\/en\/wp-json\/wp\/v2\/pages\/467\/revisions"}],"predecessor-version":[{"id":604,"href":"https:\/\/macieo.insa-rennes.fr\/en\/wp-json\/wp\/v2\/pages\/467\/revisions\/604"}],"up":[{"embeddable":true,"href":"https:\/\/macieo.insa-rennes.fr\/en\/wp-json\/wp\/v2\/pages\/2"}],"wp:attachment":[{"href":"https:\/\/macieo.insa-rennes.fr\/en\/wp-json\/wp\/v2\/media?parent=467"}],"curies":[{"name":"wp","href":"https:\/\/api.w.org\/{rel}","templated":true}]}}

<div class="wp-block-group alignwide is-vertical is-content-justification-stretch is-layout-flex wp-container-core-group-is-layout-401b7a8a wp-block-group-is-layout-flex">
<div class="wp-block-columns is-layout-flex wp-container-core-columns-is-layout-28f84493 wp-block-columns-is-layout-flex">
<div class="wp-block-column is-layout-flow wp-block-column-is-layout-flow" style="flex-basis:10%"></div>



<div class="wp-block-column is-layout-flow wp-block-column-is-layout-flow" style="flex-basis:80%">
<figure class="wp-block-image alignleft size-full is-resized hvr-grow"><a href="https://www.ietr.fr/en" target="_blank" rel=" noreferrer noopener"><img loading="lazy" decoding="async" width="2000" height="800" src="https://macieo.insa-rennes.fr/wp-content/uploads/2025/06/IETR-whitout-bg.webp" alt="" class="wp-image-559" style="width:268px;height:auto" srcset="https://macieo.insa-rennes.fr/wp-content/uploads/2025/06/IETR-whitout-bg.webp 2000w, https://macieo.insa-rennes.fr/wp-content/uploads/2025/06/IETR-whitout-bg-300x120.webp 300w, https://macieo.insa-rennes.fr/wp-content/uploads/2025/06/IETR-whitout-bg-1024x410.webp 1024w, https://macieo.insa-rennes.fr/wp-content/uploads/2025/06/IETR-whitout-bg-768x307.webp 768w, https://macieo.insa-rennes.fr/wp-content/uploads/2025/06/IETR-whitout-bg-1536x614.webp 1536w, https://macieo.insa-rennes.fr/wp-content/uploads/2025/06/IETR-whitout-bg-18x7.webp 18w, https://macieo.insa-rennes.fr/wp-content/uploads/2025/06/IETR-whitout-bg-200x80.webp 200w" sizes="auto, (max-width: 2000px) 100vw, 2000px" /></a></figure>



<div style="height:10px" aria-hidden="true" class="wp-block-spacer"></div>



<p><a href="https://www.ietr.fr/en">L&rsquo;Institut d&rsquo;Électronique et des Technologies du numéRiques (IETR &#8211; UMR CNRS 6164)</a> has extensive expertise in the design of microwave antennas, circuits and systems, digital communications, radar and remote sensing, signal and image processing, and more. The SURF team has access to the most advanced measurement facilities in Europe for characterizing antennas, circuits and radars. The activities of the SURFWAVE team, involved in the MACIEO project, focus mainly on periodic and quasi-periodic structures (reflector or transmitter arrays, FSS, WAIM, etc.) and to a lesser extent on microwave filters. Within the MACIEO project, IETR will play the role of coordinator for all activities, and will work mainly on the microwave characterization of the materials developed, and on the design and characterization of the multiple reconfiguration filters and antennas that will serve as the final demonstrators for all the project's work.</p>



<div style="height:10px" aria-hidden="true" class="wp-block-spacer"></div>



<h2 class="wp-block-heading">Participants :</h2>



<div style="height:10px" aria-hidden="true" class="wp-block-spacer"></div>



<div class="wp-block-columns is-layout-flex wp-container-core-columns-is-layout-28f84493 wp-block-columns-is-layout-flex">
<div class="wp-block-column is-layout-flow wp-block-column-is-layout-flow" style="flex-basis:5%">
<div style="height:5%" aria-hidden="true" class="wp-block-spacer"></div>
</div>



<div class="wp-block-column is-layout-flow wp-block-column-is-layout-flow" style="flex-basis:15%">
<figure class="wp-block-image size-full is-resized hvr-grow"><a href="https://www.ietr.fr/en/erwan-fourn" target="_blank" rel=" noreferrer noopener"><img loading="lazy" decoding="async" width="369" height="369" src="https://macieo.insa-rennes.fr/wp-content/uploads/2025/06/Erwan-Fourn.jpg" alt="" class="wp-image-481" style="width:132px;height:auto" srcset="https://macieo.insa-rennes.fr/wp-content/uploads/2025/06/Erwan-Fourn.jpg 369w, https://macieo.insa-rennes.fr/wp-content/uploads/2025/06/Erwan-Fourn-300x300.jpg 300w, https://macieo.insa-rennes.fr/wp-content/uploads/2025/06/Erwan-Fourn-150x150.jpg 150w, https://macieo.insa-rennes.fr/wp-content/uploads/2025/06/Erwan-Fourn-12x12.jpg 12w, https://macieo.insa-rennes.fr/wp-content/uploads/2025/06/Erwan-Fourn-200x200.jpg 200w" sizes="auto, (max-width: 369px) 100vw, 369px" /></a></figure>
</div>



<div class="wp-block-column is-layout-flow wp-block-column-is-layout-flow" style="flex-basis:60%">
<p class="has-text-align-left"><a href="https://www.ietr.fr/en/erwan-fourn" data-type="link" data-id="https://www.ietr.fr/erwan-fourn" target="_blank" rel="noreferrer noopener">Erwan Fourn</a>, associate professor specializing in the study, design and characterization of multi-band filters and antennas, is the project coordinator. He is in charge of supervising the design and characterization of the microwave demonstrators.</p>
</div>
</div>



<div style="height:10px" aria-hidden="true" class="wp-block-spacer"></div>



<div class="wp-block-columns is-layout-flex wp-container-core-columns-is-layout-28f84493 wp-block-columns-is-layout-flex">
<div class="wp-block-column is-layout-flow wp-block-column-is-layout-flow" style="flex-basis:5%">
<div style="height:5%" aria-hidden="true" class="wp-block-spacer"></div>
</div>



<div class="wp-block-column is-layout-flow wp-block-column-is-layout-flow" style="flex-basis:15%">
<figure class="wp-block-image size-full is-resized hvr-grow"><a href="https://www.ietr.fr/en/raphael-gillard" target="_blank" rel=" noreferrer noopener"><img loading="lazy" decoding="async" width="2048" height="2048" src="https://macieo.insa-rennes.fr/wp-content/uploads/2025/06/Profile-PNG-Photo.png" alt="" class="wp-image-499" style="width:132px;height:auto" srcset="https://macieo.insa-rennes.fr/wp-content/uploads/2025/06/Profile-PNG-Photo.png 2048w, https://macieo.insa-rennes.fr/wp-content/uploads/2025/06/Profile-PNG-Photo-300x300.png 300w, https://macieo.insa-rennes.fr/wp-content/uploads/2025/06/Profile-PNG-Photo-1024x1024.png 1024w, https://macieo.insa-rennes.fr/wp-content/uploads/2025/06/Profile-PNG-Photo-150x150.png 150w, https://macieo.insa-rennes.fr/wp-content/uploads/2025/06/Profile-PNG-Photo-768x768.png 768w, https://macieo.insa-rennes.fr/wp-content/uploads/2025/06/Profile-PNG-Photo-1536x1536.png 1536w, https://macieo.insa-rennes.fr/wp-content/uploads/2025/06/Profile-PNG-Photo-12x12.png 12w, https://macieo.insa-rennes.fr/wp-content/uploads/2025/06/Profile-PNG-Photo-200x200.png 200w" sizes="auto, (max-width: 2048px) 100vw, 2048px" /></a></figure>
</div>



<div class="wp-block-column is-layout-flow wp-block-column-is-layout-flow" style="flex-basis:60%">
<p class="has-text-align-left"><a href="https://www.ietr.fr/en/raphael-gillard" target="_blank" rel="noreferrer noopener">Raphaël Gillard</a>, professor in charge of the design and characterization of intelligent reconfigurable surfaces. </p>
</div>
</div>



<div style="height:10px" aria-hidden="true" class="wp-block-spacer"></div>



<div class="wp-block-columns is-layout-flex wp-container-core-columns-is-layout-28f84493 wp-block-columns-is-layout-flex">
<div class="wp-block-column is-layout-flow wp-block-column-is-layout-flow" style="flex-basis:5%">
<div style="height:5%" aria-hidden="true" class="wp-block-spacer"></div>
</div>



<div class="wp-block-column is-layout-flow wp-block-column-is-layout-flow" style="flex-basis:15%">
<figure class="wp-block-image size-full is-resized hvr-grow"><a href="https://www.ietr.fr/en/jerome-sol" target="_blank" rel=" noreferrer noopener"><img loading="lazy" decoding="async" width="2048" height="2048" src="https://macieo.insa-rennes.fr/wp-content/uploads/2025/06/Profile-PNG-Photo.png" alt="" class="wp-image-499" style="width:132px;height:auto" srcset="https://macieo.insa-rennes.fr/wp-content/uploads/2025/06/Profile-PNG-Photo.png 2048w, https://macieo.insa-rennes.fr/wp-content/uploads/2025/06/Profile-PNG-Photo-300x300.png 300w, https://macieo.insa-rennes.fr/wp-content/uploads/2025/06/Profile-PNG-Photo-1024x1024.png 1024w, https://macieo.insa-rennes.fr/wp-content/uploads/2025/06/Profile-PNG-Photo-150x150.png 150w, https://macieo.insa-rennes.fr/wp-content/uploads/2025/06/Profile-PNG-Photo-768x768.png 768w, https://macieo.insa-rennes.fr/wp-content/uploads/2025/06/Profile-PNG-Photo-1536x1536.png 1536w, https://macieo.insa-rennes.fr/wp-content/uploads/2025/06/Profile-PNG-Photo-12x12.png 12w, https://macieo.insa-rennes.fr/wp-content/uploads/2025/06/Profile-PNG-Photo-200x200.png 200w" sizes="auto, (max-width: 2048px) 100vw, 2048px" /></a></figure>
</div>



<div class="wp-block-column is-layout-flow wp-block-column-is-layout-flow" style="flex-basis:60%">
<p class="has-text-align-left"><a href="https://www.ietr.fr/en/jerome-sol" data-type="link" data-id="https://www.ietr.fr/jerome-sol" target="_blank" rel="noreferrer noopener">Jérôme Sol</a>, engineer in charge of the QOSC (Quantification Oriented Complex Systems) platform, he will characterize microwaves for parts WP2 to WP4 of the project.</p>
</div>
</div>



<div style="height:10px" aria-hidden="true" class="wp-block-spacer"></div>



<div class="wp-block-columns is-layout-flex wp-container-core-columns-is-layout-28f84493 wp-block-columns-is-layout-flex">
<div class="wp-block-column is-layout-flow wp-block-column-is-layout-flow" style="flex-basis:5%">
<div style="height:5%" aria-hidden="true" class="wp-block-spacer"></div>
</div>



<div class="wp-block-column is-layout-flow wp-block-column-is-layout-flow" style="flex-basis:15%">
<figure class="wp-block-image size-full is-resized hvr-grow"><a href="https://www.ietr.fr/en/gilles-picoult" target="_blank" rel=" noreferrer noopener"><img loading="lazy" decoding="async" width="2048" height="2048" src="https://macieo.insa-rennes.fr/wp-content/uploads/2025/06/Profile-PNG-Photo.png" alt="" class="wp-image-499" style="width:132px;height:auto" srcset="https://macieo.insa-rennes.fr/wp-content/uploads/2025/06/Profile-PNG-Photo.png 2048w, https://macieo.insa-rennes.fr/wp-content/uploads/2025/06/Profile-PNG-Photo-300x300.png 300w, https://macieo.insa-rennes.fr/wp-content/uploads/2025/06/Profile-PNG-Photo-1024x1024.png 1024w, https://macieo.insa-rennes.fr/wp-content/uploads/2025/06/Profile-PNG-Photo-150x150.png 150w, https://macieo.insa-rennes.fr/wp-content/uploads/2025/06/Profile-PNG-Photo-768x768.png 768w, https://macieo.insa-rennes.fr/wp-content/uploads/2025/06/Profile-PNG-Photo-1536x1536.png 1536w, https://macieo.insa-rennes.fr/wp-content/uploads/2025/06/Profile-PNG-Photo-12x12.png 12w, https://macieo.insa-rennes.fr/wp-content/uploads/2025/06/Profile-PNG-Photo-200x200.png 200w" sizes="auto, (max-width: 2048px) 100vw, 2048px" /></a></figure>
</div>



<div class="wp-block-column is-layout-flow wp-block-column-is-layout-flow" style="flex-basis:60%">
<p class="has-text-align-left"><a href="https://www.ietr.fr/en/gilles-picoult" data-type="link" data-id="https://www.ietr.fr/gilles-picoult" target="_blank" rel="noreferrer noopener">Gilles Picoult</a>, assistant engineer will manufacture the printed circuit boards for the project and carry out the microwave characterization for parts WP2 and WP4 of the project.</p>
</div>
</div>
</div>



<div class="wp-block-column is-layout-flow wp-block-column-is-layout-flow" style="flex-basis:10%"></div>
</div>
</div>

<p>L&rsquo;Institut d&rsquo;Électronique et des Technologies du numéRiques (IETR &#8211; UMR CNRS 6164) a une très forte expertise dans la conception d&rsquo;antennes, de circuits et de systèmes micro-ondes, dans les communications numériques, les radars et la télédétection, le traitement des signaux et des images, etc. Il bénéficie de moyens de mesures au plus haut niveau européen [&hellip;]</p>
